{"id":7,"date":"2016-03-04T23:12:56","date_gmt":"2016-03-04T23:12:56","guid":{"rendered":"https:\/\/www.amigosalbardo.pt\/?page_id=7"},"modified":"2025-10-28T20:38:23","modified_gmt":"2025-10-28T20:38:23","slug":"a-instituicao","status":"publish","type":"page","link":"https:\/\/www.amigosalbardo.pt\/?page_id=7","title":{"rendered":"A Institui\u00e7\u00e3o"},"content":{"rendered":"<p style=\"text-align: left;\" align=\"CENTER\"><u><b><\/b><\/u><span style=\"font-family: Arial, sans-serif;\">A Liga de Solidariedade Social e Melhoramentos os \u201cAmigos de Albardo\u201d, \u00e9 uma Institui\u00e7\u00e3o Particular de Solidariedade Social, pessoa coletiva n.\u00ba 505654717. Desenvolvendo a resposta social de Servi\u00e7o de Apoio ao Domicili\u00e1rio, inscrita no Centro Distrital de Solidariedade e Seguran\u00e7a Social da Guarda, com o NISS n.\u00ba 20003520778, cujos os estatutos se encontram registados pela inscri\u00e7\u00e3o n.\u00ba 08\/03, a fl.137 do livro n.9 das Associa\u00e7\u00f5es de Solidariedade Social, em 27 de Setembro de 2002. Licenciado atrav\u00e9s do alvar\u00e1 n.\u00ba 158\/2012 C\u00e2mara Municipal da Guarda. Tem a sua sede em Albardo, freguesia de Albardo e concelho da Guarda. Esta resposta social consiste na presta\u00e7\u00e3o de cuidados individualizados e personalizados no domic\u00edlio, a idosos de ambos os sexos, a partir dos 65 anos e, excepcionalmente, de outras idades, quando o seu estado de sa\u00fade f\u00edsico e\/ou ps\u00edquico assim o justifiquem.<\/span><\/p>\n<p style=\"text-align: left;\" align=\"JUSTIFY\"><span style=\"color: #000000;\"><span style=\"font-family: Arial, sans-serif;\">Sendo o, uma Institui\u00e7\u00e3o Particular de Solidariedade Social (IPSS), tem por finalidade o exerc\u00edcio da ac\u00e7\u00e3o social na preven\u00e7\u00e3o e apoio nas diversas situa\u00e7\u00f5es de fragilidade, exclus\u00e3o ou car\u00eancia humana, promovendo a inclus\u00e3o e a integra\u00e7\u00e3o social, neste caso da terceira idade. <\/span><\/span><\/p>\n<p style=\"text-align: left;\" align=\"JUSTIFY\"><span style=\"color: #000000;\"><span style=\"font-family: Arial, sans-serif;\">Esta IPSS n\u00e3o tem qualquer finalidade lucrativa, tendo como prop\u00f3sito dar express\u00e3o ao dever moral de solidariedade e de justi\u00e7a entre os seus utentes e promover a Qualidade de Vida dos mesmos. <\/span><\/span><\/p>\n<p style=\"text-align: left;\" align=\"JUSTIFY\"><span style=\"color: #000000;\"><span style=\"font-family: Arial, sans-serif;\">Desta forma, a Liga de Solidariedade Social e Melhoramentos \u201cOs Amigos do Albardo\u201d, visa promover a<\/span><\/span><span style=\"font-family: Arial, sans-serif;\"> Qualidade de Vida dos utentes que usufruem, do <\/span><span style=\"font-family: Arial, sans-serif;\"><b>Servi\u00e7o de Apoio Domicili\u00e1rio<\/b><\/span> <span style=\"font-family: Arial, sans-serif;\"><b>(SAD)<\/b><\/span><span style=\"font-family: Arial, sans-serif;\"> regendo-se esta institui\u00e7\u00e3o, pelo <\/span><span style=\"font-family: Arial, sans-serif;\">Despacho Normativo n.\u00ba 62 \/99 de 12 de Novembro. Este servi\u00e7o n\u00e3o apoia somente o idoso, mas tamb\u00e9m a sua pr\u00f3pria fam\u00edlia na resolu\u00e7\u00e3o de problemas de car\u00e1cter social. \u00c9 uma resposta social que consiste na<\/span> <span style=\"font-family: Arial, sans-serif;\">presta\u00e7\u00e3o de cuidados individualizados e personalizados no domic\u00edlio a indiv\u00edduos e fam\u00edlias quando, por motivo de doen\u00e7a, defici\u00eancia ou outro impedimento, os mesmos n\u00e3o possam assegurar tempor\u00e1ria ou permanentemente, a satisfa\u00e7\u00e3o das suas necessidades b\u00e1sicas e\/ou as atividades da vida di\u00e1ria. Tem com objetivos gerais e espec\u00edficos:<\/span><\/p>\n<p style=\"text-align: left;\" align=\"JUSTIFY\"><span style=\"font-family: Arial, sans-serif;\">Os objetivos gerais do Servi\u00e7o de Apoio Domicili\u00e1rio s\u00e3o contribuir para a melhoria da qualidade de vida dos indiv\u00edduos e fam\u00edlias, contribuir para retardar ou evitar a institucionaliza\u00e7\u00e3o.<\/span><\/p>\n<p style=\"text-align: left;\" align=\"JUSTIFY\"><span style=\"font-family: Arial, sans-serif;\">Os objetivos espec\u00edficos do Servi\u00e7o de Apoio Domicili\u00e1rio s\u00e3o assegurar aos indiv\u00edduos e fam\u00edlias a satisfa\u00e7\u00e3o de necessidades b\u00e1sicas, prestar cuidados de ordem f\u00edsica e apoio psico-social aos indiv\u00edduos e fam\u00edlias, de modo a contribuir para o seu equil\u00edbrio e bem-estar, colaborar na presta\u00e7\u00e3o de cuidados de sa\u00fade.<\/span><\/p>\n<p style=\"text-align: left;\" align=\"JUSTIFY\"><span style=\"color: #000000;\"> <span style=\"font-family: Arial, sans-serif;\">O Servi\u00e7o de Apoio Domicili\u00e1rio deve proporcionar os seguintes servi\u00e7os: presta\u00e7\u00e3o de cuidados de higiene e conforto, arruma\u00e7\u00e3o e pequenas limpezas no domic\u00edlio, confec\u00e7\u00e3o, transporte e\/ou distribui\u00e7\u00e3o de refei\u00e7\u00f5es, tratamento de roupas.<\/span><\/span><\/p>\n<p style=\"text-align: left;\" align=\"JUSTIFY\"><span style=\"color: #000000;\"> <span style=\"font-family: Arial, sans-serif;\">O Servi\u00e7o de Apoio Domicili\u00e1rio pode ainda assegurar outros servi\u00e7os, tais como: acompanhamento ao exterior, aquisi\u00e7\u00e3o de g\u00e9neros aliment\u00edcios e outros artigos, acompanhamento, recrea\u00e7\u00e3o e conv\u00edvio, pequenas repara\u00e7\u00f5es no domic\u00edlio, contactos com o exterior.<\/span><\/span><\/p>\n<p style=\"text-align: left;\" align=\"JUSTIFY\"><span style=\"font-family: Arial, sans-serif;\">Para a prossecu\u00e7\u00e3o dos seus objetivos, Liga de Solidariedade Social e Melhoramentos os \u201cAmigos de Albardo\u201d proporciona um conjunto diversificado de servi\u00e7os, em fun\u00e7\u00e3o das necessidades dos utentes, nomeadamente:<\/span><\/p>\n<ul>\n<li style=\"text-align: left;\">\n<p align=\"JUSTIFY\"><span style=\"font-family: Arial, sans-serif;\">Distribui\u00e7\u00e3o de Refei\u00e7\u00e3o no Domic\u00edlio:<\/span><\/p>\n<\/li>\n<li style=\"text-align: left;\">\n<p align=\"JUSTIFY\"><span style=\"font-family: Arial, sans-serif;\">Cuidado de higiene pessoal e cuidados de imagem;<\/span><\/p>\n<\/li>\n<li style=\"text-align: left;\">\n<p align=\"JUSTIFY\"><span style=\"font-family: Arial, sans-serif;\">Higiene Habitacional;<\/span><\/p>\n<\/li>\n<li style=\"text-align: left;\">\n<p align=\"JUSTIFY\"><span style=\"font-family: Arial, sans-serif;\">Tratamento de roupa (Lavagem, Secagem e Engomagem);<\/span><\/p>\n<\/li>\n<li style=\"text-align: left;\">\n<p align=\"JUSTIFY\"><span style=\"font-family: Arial, sans-serif;\">Apoio Psico-Social;<\/span><\/p>\n<\/li>\n<li style=\"text-align: left;\">\n<p align=\"JUSTIFY\"><span style=\"font-family: Arial, sans-serif;\">Assist\u00eancia Medicamentosa;<\/span><\/p>\n<\/li>\n<li style=\"text-align: left;\">\n<p align=\"JUSTIFY\"><span style=\"font-family: Arial, sans-serif;\">Acompanhamento a consultas m\u00e9dicas;<\/span><\/p>\n<\/li>\n<li style=\"text-align: left;\">\n<p align=\"JUSTIFY\"><span style=\"font-family: Arial, sans-serif;\">Aquisi\u00e7\u00e3o de bens e servi\u00e7os;<\/span><\/p>\n<\/li>\n<li style=\"text-align: left;\">\n<p align=\"JUSTIFY\"><span style=\"font-family: Arial, sans-serif;\">Atividades socio-culturais;<\/span><\/p>\n<\/li>\n<li style=\"text-align: left;\">\n<p align=\"JUSTIFY\"><span style=\"font-family: Arial, sans-serif;\">Conv\u00edvios Institucionais festas e passeios;<\/span><\/p>\n<\/li>\n<li>\n<p style=\"text-align: left;\" align=\"JUSTIFY\"><span style=\"font-family: Arial, sans-serif;\">Disponibilidade de informa\u00e7\u00e3o facilitadora de acesso a servi\u00e7os da comunidade adequada \u00e0 satisfa\u00e7\u00e3o das outras necessidades;<\/span><\/p>\n<\/li>\n<\/ul>\n\n\n<div class=\"wp-block-file\"><a href=\"https:\/\/www.amigosalbardo.pt\/wp-content\/uploads\/2025\/10\/Estatutos-1.pdf\">Estatutos da Associa\u00e7\u00e3o<\/a><a href=\"https:\/\/www.amigosalbardo.pt\/wp-content\/uploads\/2025\/10\/Estatutos-1.pdf\" class=\"wp-block-file__button\" download>Descarregar<\/a><\/div>\n\n\n\n<p><\/p>\n","protected":false},"excerpt":{"rendered":"<p>A Liga de Solidariedade Social e Melhoramentos os \u201cAmigos de Albardo\u201d, \u00e9 uma Institui\u00e7\u00e3o Particular de Solidariedade Social, pessoa coletiva&hellip;<\/p>\n","protected":false},"author":3,"featured_media":0,"parent":0,"menu_order":0,"comment_status":"closed","ping_status":"closed","template":"","meta":[],"_links":{"self":[{"href":"https:\/\/www.amigosalbardo.pt\/index.php?rest_route=\/wp\/v2\/pages\/7"}],"collection":[{"href":"https:\/\/www.amigosalbardo.pt\/index.php?rest_route=\/wp\/v2\/pages"}],"about":[{"href":"https:\/\/www.amigosalbardo.pt\/index.php?rest_route=\/wp\/v2\/types\/page"}],"author":[{"embeddable":true,"href":"https:\/\/www.amigosalbardo.pt\/index.php?rest_route=\/wp\/v2\/users\/3"}],"replies":[{"embeddable":true,"href":"https:\/\/www.amigosalbardo.pt\/index.php?rest_route=%2Fwp%2Fv2%2Fcomments&post=7"}],"version-history":[{"count":3,"href":"https:\/\/www.amigosalbardo.pt\/index.php?rest_route=\/wp\/v2\/pages\/7\/revisions"}],"predecessor-version":[{"id":299,"href":"https:\/\/www.amigosalbardo.pt\/index.php?rest_route=\/wp\/v2\/pages\/7\/revisions\/299"}],"wp:attachment":[{"href":"https:\/\/www.amigosalbardo.pt\/index.php?rest_route=%2Fwp%2Fv2%2Fmedia&parent=7"}],"curies":[{"name":"wp","href":"https:\/\/api.w.org\/{rel}","templated":true}]}}